 - -5. Let l = 5 - r. What are the prime factors of l?
5
Let i(h) = -h**2 - 11*h - 19. Let m be i(-9). Let q be (-8)/6*(-42)/(-4). What are the prime factors of 2 - m*(-1 - q)?
3, 5
Let b be (-2694)/(-21) - (-2)/(-7). Let t = -34 + b. List the prime factors of t.
2, 47
Suppose -8*c = -38*c + 11070. List the prime factors of c.
3, 41
Let y(v) = -103*v - 1. Let d be y(-1). Suppose -h = -11 - d. List the prime factors of h.
113
Let y(o) = o**3 - 6*o**2 + 5*o + 1. Let u be y(5). Let l be (-1)/((2 + u)/(-180)). What are the prime factors of ((-72)/l)/((-3)/10)?
2
Suppose 0 = -2*n - 3*w + 148, 3*w + 18 - 326 = -4*n. Let t = n + -18. List the prime factors of t.
2, 31
Let u(f) = 3*f + 15. Let c be u(10). List the prime factors of -3 + (0 - 4) + c.
2, 19
What are the prime factors of (7 - (-296)/(-40))*-4040?
2, 101
Let p be 6/(-21) - 430/(-35). Let n be (0 + 0)*6/p. Suppose b + 4*o - 3 = 3, 3*b - o - 57 = n. What are the prime factors of b?
2, 3
Let v(n) be the first derivative of n**2/2 - 5*n - 3. Let k be 10 + (-1)/((-2)/(-6)). List the prime factors of v(k).
2
Suppose 2*k = -l, k - 6*k = 4*l - 3. Let c(j) = -5*j - 1. Let y(s) = -13*s + 4. Let m(d) = -5*c(d) - y(d). List the prime factors of m(l).
7, 11
Let v = 46 + -52. Let h(x) = x**2 - 5*x + 17. List the prime factors of h(v).
83
Let r = 977 - 251. What are the prime factors of r?
2, 3, 11
Let x(v) = v**3 - 12*v**2 - 13*v + 10. Let i be x(14). Suppose 4*k - 5*k = -i. Suppose 0 = n + 4*n - k. List the prime factors of n.
2, 11
Let r be ((-15)/10)/3*(-1 - -17). What are the prime factors of 8 + r + (-192)/(-3)?
2
Let t(p) = -142*p - 73. Let z(q) = -95*q - 49. Let c(r) = 5*t(r) - 7*z(r). What are the prime factors of c(-5)?
7, 29
Let h(l) = 440*l - 66. What are the prime factors of h(2)?
2, 11, 37
Let t(f) = f**2 - 19*f + 6. What are the prime factors of t(-3)?
2, 3
Suppose 4*d = -0*d - 5*q + 4, 5*d + q = -16. Let u = d - -9. Let c = u + 0. What are the prime factors of c?
5
Suppose -s + 3*q + q = 4, 5*s + 3 = 3*q. Suppose 16*g - 24*g + 568 = s. List the prime factors of g.
71
Let a = 36 + -25. Let m = 19 - a. Suppose -6 = -m*f + 5*f. List the prime factors of f.
2
Suppose 516 = 2*d - 3*f - 593, 5*f - 1149 = -2*d. List the prime factors of d.
2, 281
Let n = -632 + 1143. What are the prime factors of n?
7, 73
Let w(x) = 34*x**2 + 44*x - 13. List the prime factors of w(-7).
5, 269
Let z = -31 - -38. Suppose z*i - 980 = 1001. List the prime factors of i.
283
Let x = 12 - 5. Suppose -p - x = -3*c, 2*p = c - 2*c + 7. Suppose -p*m + 8 = 3*q - 0*m, -q + 4 = 2*m. What are the prime factors of q?
2
Let t = -69 + 71. Suppose -t*z - 5*w + 230 = -0*z, 3*w + 6 = 0. List the prime factors of z.
2, 3, 5
Let f = -38 - -42. Let a = f + 25. What are the prime factors of a?
29
Suppose -4*x + 2*p + 42 = 0, 7*p = -2*x + 2*p + 15. List the prime factors of 0 + 4/x + 373/5.
3, 5
Let g(f) = f**3 + 6*f**2 + 6*f + 4. Suppose 3*k - 30 = -6. Suppose u + k = 5. What are the prime factors of g(u)?
13
List the prime factors of (1 - 146)/(-6 - 77/(-14)).
2, 5, 29
Let o be 0/((-4)/4 + -1). Let p(r) = -r**2 - 3*r + 21. List the prime factors of p(o).
3, 7
Let j(a) = -a**3 - 14*a**2 - 18*a + 6. Suppose 32 = -4*t - 20. List the prime factors of j(t).
71
Suppose 164 = 11*y - 23. Suppose -3*r = 5*i - 152 + y, 3*i = 2*r - 71. What are the prime factors of r?
2, 5
Suppose -1789 = -3*h - 2*m, 11*m = 13*m - 10. What are the prime factors of h?
593
Let i(y) = 2*y**2. Suppose 3*q - 5*q = 10. What are the prime factors of i(q)?
2, 5
Let z = -8 - -12. Suppose 6*b - z*b - 2 = 0. Let n = 1 + b. List the prime factors of n.
2
Suppose 0*u = 5*f + u + 26, -4*u + 21 = -5*f. Let o(h) = h**3 + 5*h**2 + h + 6. Let w be o(f). List the prime factors of 1/(3*w/9).
3
Suppose -13*z + 9239 + 5633 = 0. What are the prime factors of z?
2, 11, 13
Let g = 436 - -632. List the prime factors of g.
2, 3, 89
Suppose 0 = -3*r - 2*r + 40. Suppose 2*l = -14 + r. List the prime factors of ((-30)/9 - l)*-99.
3, 11
Let x = 0 + 0. Suppose j + 3*d - 17 = x, 3*j + 0*j = d + 61. What are the prime factors of j?
2, 5
Suppose 33*v - 15*v = 1332. What are the prime factors of v?
2, 37
Suppose -4*w - 763 - 1013 = 0. Let x be w/(-22) + 4/(-22). What are the prime factors of x/3*54/12?
2, 3, 5
Let i(s) = 4*s**3 - 8*s**2 - 6. Let v be i(-6). What are the prime factors of v/(-12) + (-3)/(-6)?
97
Let q = 22 - 22. Let b(d) = 2 + 2*d + 2*d**2 - 6*d + q + 2*d**2. What are the prime factors of b(3)?
2, 13
Suppose 2*o - 5*h + 3 = -2, 8 = o + h. List the prime factors of 2/o + -6 + 4215/25.
163
Suppose 12 = -3*p, -h - 5*p - 6 = 5. Let y = h + -6. Suppose 4*j = -r + 5, r - y*j - 43 = -r. What are the prime factors of r?
17
Let f = -1816 + 2888. What are the prime factors of f?
2, 67
Suppose -o = 14 + 3. Let d = 40 - o. What are the prime factors of d?
3, 19
Let j(m) = -88*m + 353. List the prime factors of j(-16).
3, 587
Let m be (3/((-36)/(-633)))/(5/(-20)). Let j = -102 - m. What are the prime factors of j?
109
Let q(p) = -8*p + 74. Let s be q(14). Let h be (-1 + 6)/(2/26). Let b = h + s. What are the prime factors of b?
3
Suppose 3*o - 2*s - 235 - 1115 = 0, 436 = o + 4*s. List the prime factors of o.
2, 7
Let i be (3 - (5 - 3)) + 2. Suppose 4*v - 4*a + 20 = 5*v, -4*a = i*v - 100. List the prime factors of (10/v)/((-2)/(-88)).
11
Let w be 448/48*(-42)/(-4). Suppose 11 = -3*n - 3*c + w, 5*n + 2*c - 136 = 0. What are the prime factors of n?
2, 13
List the prime factors of (-82)/(-5) + 90/150.
17
Let h(z) = z**3 + 9*z**2 + 9*z + 12. Let l be h(-8). What are the prime factors of 0/(l - 0) - -41?
41
Let v(n) = -2*n + 26. Let p be v(9). Suppose 4*g = 3*q - 211, -3*q + p*q + 3*g = 400. List the prime factors of q.
7, 11
Let o(z) = -104*z**3 - z**2 + 3*z + 2. Let b be o(-2). What are the prime factors of ((-5)/((-20)/b))/2 + 1?
2, 13
Suppose w = -0*w + 22. Suppose -o + 2*m = 5*m - 11, 0 = 2*o - 3*m - w. List the prime factors of o.
11
Suppose 0 = 4*w - 360 - 17700. What are the prime factors of w?
3, 5, 7, 43
Let o(l) = 870*l**2 + 7*l - 7. What are the prime factors of o(1)?
2, 3, 5, 29
Let s(c) = c**3 - 8*c**2 + 13*c + 3. Let z be s(6). Let k be (9/(-2))/(z/(-204)). Suppose 0 = 3*b - 6*b + k. List the prime factors of b.
2, 17
Let r(q) = 254*q**2 + 3*q + 2. Let o be r(-1). Suppose -4*b + 9*b - o = x, 0 = -5*b - 3*x + 241. Suppose 0 = -5*u + 315 - b. List the prime factors of u.
53
Let g(w) = 3*w**2 - 10*w + 8. Let k be g(7). Suppose -9*d + k - 4 = 0. List the prime factors of d.
3
Let p = 65 - 28. What are the prime factors of (21 + -18)/(3/p)?
37
Let o(b) be the second derivative of b**5/12 + b**4/8 - b**3/2 + 2*b. Let g(k) be the second derivative of o(k). List the prime factors of g(3).
3, 11
Let p(h) = 13*h + 9. Let l(b) = -2 - 2*b + 8 + 11*b. Let a(f) = 7*l(f) - 5*p(f). List the prime factors of a(-5).
7
Let r(z) = z**2 - 17*z + 24. Let c(x) be the third derivative of x**4/24 + 11*x**3/2 + x**2. Let v be c(-17). List the prime factors of r(v).
2
Suppose 0 = -2*z + 2*y + 8 + 40, 0 = 3*z + 2*y - 62. Let p = z - -19. List the prime factors of p.
41
List the prime factors of (353 + 2)/(-10 + 11).
5, 71
Let j(x) = -3*x + 1. Let w be (-5)/(21 - 1)*0. Let a be j(w). Suppose a + 1 = m. What are the prime factors of m?
2
Let d(l) be the third derivative of l**4/6 - 5*l**3/6 + 13*l**2. List the prime factors of d(12).
43
Let n(j) = 16*j + 2. Let y be n(1). Let u be (y - 16)*(0 + 2). Suppose -c = -2*w - 5*c + 52, -u*w = -c - 95. What are the prime factors of w?
2, 3
Let i(h) = h**3 - 2*h**2 + 5*h - 3. Let a be (-51)/(-9) + (-4)/(-12). List the prime factors of i(a).
3, 19
Suppose 3*x - x + 6 = 0. Let w be (-10)/((-48)/(-15) + x). What are the prime factors of (-1)/5 - 560/w?
11
Suppose -2*o + 5*i - 4 = o, -4*o + 33 = i. Let q = o + -4. Suppose -q*c = -5*c - 5*l + 6, 19 = 3*c + 5*l. What are the prime factors of c?
13
Let f(a) = -530*a + 469. List the prime factors of f(-5).
3119
Let s = 206 + 251. List the prime factors of s.
457
Let t(x) = x**2 + 64. List the prime factors of t(41).
5, 349
What are the prime factors of (-3)/(((-12)/290)/(2124/90))?
29, 59
Let l = 2057 - 1386. List the prime factors of l.
11, 61
What are the prime factors of (-78 - -82)*43*2?
2, 43
Suppose -3*i + 2 = -2*i. Let z(f